y(-22).
111
Let q(n) = -1500*n + 18008. Determine q(12).
8
Let m(i) = 2*i**3 - 20*i**2 + 21*i - 30. Give m(10).
180
Let r(q) = -12*q**3 + 73*q**2 - 8*q + 22. Calculate r(6).
10
Let s(z) = z**3 + 272*z**2 + 1879*z + 6342. Calculate s(-265).
-18
Let s(f) = 11*f**2 + 240*f - 16. Give s(-22).
28
Let c(q) = -q**3 - 25*q**2 - 120*q - 64. Calculate c(-6).
-28
Let f(p) = 7*p**2 + 488*p - 66. What is f(-70)?
74
Let l(p) = -32*p**2 + 124*p + 1057. Determine l(8).
1
Let h(c) = -c**3 + 26*c**2 + 228*c + 132. Calculate h(33).
33
Let u(x) = -22*x**2 - 21*x + 3. Give u(-1).
2
Let j(v) = -v**3 - 3*v**2 + 220*v + 1514. Calculate j(-9).
20
Let i(q) = -29*q - 926. What is i(-34)?
60
Let m(f) = -2*f**2 - 277*f + 5470. Give m(-156).
10
Let x(f) = 2*f**3 - 23*f**2 + 44*f + 57. What is x(4)?
-7
Let m(l) = -106*l + 4366. Give m(43).
-192
Let t(l) = -l**2 + 17*l - 42. Calculate t(10).
28
Let s(x) = -27*x - 2639. Give s(-98).
7
Let m(a) = -a**3 + 13*a**2 + 44*a - 872. Determine m(11).
-146
Let k(w) = 4*w**2 - 137*w - 274. Calculate k(-2).
16
Let y(v) = -v**2 + 20*v + 282. Determine y(-11).
-59
Let z(y) = y**3 - 11*y**2 + 15*y - 161. What is z(11)?
4
Let z(a) = -81*a + 109. Give z(3).
-134
Let b(f) = -f**3 + 12*f**2 - 47*f + 204. What is b(9)?
24
Let m(k) = -k**3 - 39*k**2 - 194*k + 118. Give m(-33).
-14
Let l(s) = -s**3 - 4*s**2 + 56*s + 5. Give l(-10).
45
Let d(i) = -2*i**2 + 179*i - 332. Give d(85).
433
Let c(p) = -p**3 - 7*p**2 - 4*p - 6. Calculate c(0).
-6
Let m(i) = 3*i**3 + 85*i**2 - 56*i - 20. Determine m(-29).
-78
Let s(l) = -26*l**2 + 1223*l - 2449. Give s(2).
-107
Let b(a) = -9*a**3 + 59*a**2 + 35*a + 11. What is b(7)?
60
Let s(i) = -71*i + 87. Calculate s(1).
16
Let q(c) = -c**3 + 3*c**2 - 16*c + 44. Determine q(8).
-404
Let n(u) = -u**3 + 30*u**2 - 84*u + 77. Calculate n(27).
-4
Let k(z) = 18*z**2 - 20*z + 46. What is k(2)?
78
Let j(l) = 172*l - 209. Determine j(0).
-209
Let c(g) = 8*g**3 + 61*g**2 + 5*g + 234. What is c(-8)?
2
Let i(y) = -38*y - 3955. Determine i(-104).
-3
Let q(x) = 3*x - 51. What is q(25)?
24
Let d(u) = -7*u**2 + 248*u - 48. Determine d(35).
57
Let j(h) = -438*h + 3022. Give j(7).
-44
Let q(h) = 11*h - 368. What is q(14)?
-214
Let l(g) = 73*g + 1814. Calculate l(-24).
62
Let a(r) = -17*r**2 - 1668*r - 194. Determine a(-98).
2
Let x(g) = -g**2 - 56*g - 606. Give x(-9).
-183
Let n(q) = -19*q - 516. What is n(-32)?
92
Let u(h) = -2*h**3 - 5*h**2 + 58*h - 51. Calculate u(-7).
-16
Let l(i) = 8*i**2 - 15*i - 2. Give l(-2).
60
Let q(a) = a**3 + 37*a**2 + 55*a + 66. Calculate q(-36).
-618
Let i(u) = -1238*u + 3720. What is i(3)?
6
Let o(j) = -j**3 - 10*j**2 + 47*j + 489. Calculate o(-11).
93
Let n(t) = -2*t + 306. Give n(-7).
320
Let j(s) = s**2 - 50*s - 2581. Give j(84).
275
Let i(j) = j**2 - 37*j + 126. Calculate i(33).
-6
Let c(u) = u**3 - 36*u**2 - 75*u - 22. What is c(38)?
16
Let k(w) = -7*w**3 - 9*w**2 - 42*w + 44. Calculate k(1).
-14
Let y(s) = 136*s + 2016. Determine y(-15).
-24
Let n(y) = -8*y**2 + 408*y + 72. Calculate n(51).
72
Let r(l) = -7*l**3 - 11*l**2 - 12*l - 38. What is r(-4)?
282
Let m(u) = u**2 - 852*u - 19209. Give m(-22).
19
Let u(j) = -j**3 + 4*j**2 + 4*j - 19. Determine u(3).
2
Let c(w) = -27*w + 210. Give c(12).
-114
Let x(v) = -3*v**3 - 258*v**2 + 265*v + 99. Determine x(-87).
-249
Let s(a) = a**2 - 462*a - 6183. Determine s(-13).
-8
Let d(x) = x**3 + 12*x**2 - 52*x - 19. Determine d(-15).
86
Let u(y) = y**3 + 45*y**2 - 1797*y - 80868. Determine u(-45).
-3
Let v(d) = d**3 - 19*d**2 + 28*d - 100. What is v(18)?
80
Let g(y) = -75*y - 8697. Calculate g(-112).
-297
Let y(w) = 2812*w - 81547. What is y(29)?
1
Let a(z) = -2263*z - 2236. Give a(-1).
27
Let o(b) = -6*b**3 - 156*b**2 + 40*b - 25. Determine o(-26).
-1065
Let i(q) = -q**2 - 11*q - 42. Calculate i(-5).
-12
Let j(r) = -10*r**2 + 405*r - 265. Give j(40).
-65
Let k(o) = o**3 - 10*o**2 + 12*o - 8. Determine k(4).
-56
Let l(z) = z**2 + 61*z - 412. Determine l(7).
64
Let w(d) = -996*d - 4016. What is w(-4)?
-32
Let g(n) = -16*n**2 + 361*n - 1584. Determine g(6).
6
Let q(i) = -43*i**2 - 16953*i - 4334. Give q(-394).
0
Let q(h) = 24*h**3 - 16*h**2 + 19*h - 2. Give q(1).
25
Let v(d) = 243*d - 5348. Determine v(22).
-2
Let k(h) = -733*h + 7338. Determine k(10).
8
Let h(m) = 119*m + 3216. Calculate h(-27).
3
Let h(k) = k**3 - 44*k**2 - 108*k - 1583. Give h(47).
-32
Let k(x) = -2*x**2 - 191*x - 1478. What is k(-87)?
1
Let v(i) = i**2 + 32*i - 271. What is v(-30)?
-331
Let p(k) = 93*k - 346. Give p(4).
26
Let g(u) = -560*u**2 + 2239*u + 2. Determine g(4).
-2
Let m(g) = -95*g + 1703. Determine m(18).
-7
Let m(l) = 9*l**3 - 3*l**2 - 4*l + 8. Give m(3).
212
Let v(m) = 2712*m + 21729. What is v(-8)?
33
Let u(r) = r**2 - 46*r + 350. Determine u(36).
-10
Let r(u) = 2*u**3 + 51*u**2 - 138*u - 99. Determine r(-28).
-155
Let c(i) = -i**3 + 9*i**2 + 22*i - 22. Calculate c(10).
98
Let f(c) = c**3 + 102*c**2 + 1378*c + 175. Calculate f(-86).
3
Let l(z) = 3*z**2 + 277*z + 57. What is l(-92)?
-35
Let d(w) = -w**2 + 4*w - 26. Calculate d(5).
-31
Let c(j) = -52*j - 278. Determine c(7).
-642
Let t(u) = 55140*u - 55143. Calculate t(1).
-3
Let c(p) = -2*p**2 + 38*p - 149. Give c(15).
-29
Let t(i) = 2*i**2 - 7*i - 115. Determine t(-7).
32
Let d(o) = o**3 + 8*o**2 - 60*o - 58. Determine d(-12).
86
Let x(k) = -3*k**2 - 182*k + 2693. Determine x(-73).
-8
Let j(w) = -w**3 + w**2 + 468*w - 125. Determine j(22).
7
Let z(q) = 4*q**2 - 21*q + 31. Calculate z(0).
31
Let r(x) = -x**3 + 15*x**2 + 143*x + 22. Determine r(-7).
99
Let v(d) = 2*d**2 - 1381*d - 6852. What is v(-5)?
103
Let q(x) = 3*x**3 - 611*x**2 - 1441*x - 201. What is q(206)?
5
Let h(m) = m**2 + 41*m - 151. Give h(-44).
-19
Let u(p) = 7*p + 213. Give u(7).
262
Let h(q) = -2*q**2 - 39*q - 115. Give h(-15).
20
Let t(u) = -u**2 - 256*u + 54901. What is t(139)?
-4
Let n(f) = f**2 + 97*f + 1374. What is n(-17)?
14
Let m(g) = 50*g - 1488. Calculate m(36).
312
Let r(s) = -29*s**3 + 86*s**2 - 2*s - 2. Determine r(3).
-17
Let w(t) = t**2 - 63*t + 464. Calculate w(54).
-22
Let a(w) = w**3 - 39*w**2 + 71*w - 988. What is a(38)?
266
Let w(z) = -z**3 - 14*z**2 - 42*z - 8. Give w(-6).
-44
Let c(p) = -p**3 + 10*p**2 + 10*p - 29. What is c(11)?
-40
Let n(b) = -3*b**2 - 6*b - 40. What is n(-3)?
-49
Let q(y) = 6*y - 237. What is q(37)?
-15
Let m(d) = -d**2 + 29*d - 124. Give m(11).
74
Let y(t) = 2*t**3 + 12*t**2 + 7*t - 7. Calculate y(-5).
8
Let c(p) = -108*p + 1409. Give c(11).
221
Let g(k) = k**2 - 63*k + 1069. What is g(22)?
167
Let j(i) = 3*i**3 + 394*i**2 - 666*i - 138. Determine j(-133).
-5
Let u(n) = 127*n - 48. What is u(2)?
206
Let o(i) = 8*i**3 - 33*i**2 + 2*i + 4. What is o(4)?
-4
Let d(s) = -s**3 + 37*s**2 - 74*s + 109. Give d(35).
-31
Let l(m) = -2*m**3 - 18*m**2 - 24*m - 6. Give l(-8).
58
Let u(o) = -o**2 + 35*o + 869. What is u(52)?
-15
Let n(u) = -60*u + 97. Calculate n(3).
-83
Let l(i) = -2*i**3 - 46*i**2 + 51*i + 101. Give l(-24).
29
Let r(k) = 79*k - 303. Calculate r(2).
-145
Let f(m) = -m**2 - 904*m + 15688. Give f(17).
31
Let u(l) = 63*l - 2935. What is u(47)?
26
Let u(w) = 552*w**2 + 65*w + 64. What is u(-1)?
551
Let n(g) = 2*g**3 + 31*g**2 - 473*g + 49. What is n(-25)?
-1
Let k(g) = -g**3 - 43*g**2 - 471*g - 364. Give k(-18).
14
Let k(y) = -y**2 - 134*y - 2496. Give k(-23).
57
Let d(o) = -o**2 - 85*o - 1845. Calculate d(-42).
-39
Let q(k) = -287*k + 1716. Give q(6).
-6
Let c(z) = -z**3 - 5*z**2 + 5*z - 6. What is c(0)?
-6
Let w(r) = -2*r**3 - 18*r**2 - 183*r - 1649. Determine w(-9).
-2
Let f(g) = -2*g**3 + 4*g**2 + 3*g + 25. Give f(-6).
583
Let n(k) = -k**3 + 6*k**2 + 271*k - 1878. What is n(7)?
-30
Let z(v) = v**2 - 44*v + 167. Give z(40).
7
Let g(w) = 26*w + 93. Give g(-7).
-89
Let b(g) = 2*g**2 - 79*g + 785. Calculate b(22).
15
Let g(b) = -3*b - 265. Determine g(-88).
-1
Let f(q) = -4*q + 5. Determine f(30).
-115
Let h(o) = 2*o**2 - 4*o - 22. Give h(-7).
104
Let p(q) = 124*q**2 - 276*q. Calculate p(2).
-56
Let p(f) = -6*f**3 + 4*f**2 - 4*f + 3. Give p(2).
-37
Let r(m) = 9*m**2 - 20*m + 4. Determine r(4).
68
Let g(f) = -13*f + 141. Give g(-18).
375
Let u(m) = -m**2 - 21*m + 943. Give u(-43).
-3
Let y(q) = -273*q - 10315. What is y(-38)?
59
Let q(p) = 164*p - 890. Give q(6).
94
Let a(g) = -2*g**2 - 49*g + 361. Calculate a(-31).
-42
